{"id":14,"date":"2025-05-28T13:29:26","date_gmt":"2025-05-28T11:29:26","guid":{"rendered":"http:\/\/wordpress.test\/index.php\/contact-us\/"},"modified":"2025-11-04T11:02:32","modified_gmt":"2025-11-04T10:02:32","slug":"jakplik","status":"publish","type":"page","link":"https:\/\/rampi.pl\/index.php\/jakplik\/","title":{"rendered":"Jak Przygotowa\u0107 Plik"},"content":{"rendered":"\t\t<div data-elementor-type=\"wp-page\" data-elementor-id=\"14\" class=\"elementor elementor-14\">\n\t\t\t\t<div class=\"elementor-element elementor-element-522a781 e-con-full e-flex e-con e-parent\" data-id=\"522a781\" data-element_type=\"container\" data-e-type=\"container\">\n\t\t\t\t<div class=\"elementor-element elementor-element-b47d4e9 elementor-widget elementor-widget-image\" data-id=\"b47d4e9\" data-element_type=\"widget\" data-e-type=\"widget\" data-widget_type=\"image.default\">\n\t\t\t\t\t\t\t\t\t\t\t\t\t\t\t<img fetchpriority=\"high\" decoding=\"async\" width=\"2304\" height=\"1078\" src=\"https:\/\/rampi.pl\/wp-content\/uploads\/2025\/09\/Firefly-cienkie-kreski-swietlistych-kolorow-na-bialym-tle-64938.jpg\" class=\"attachment-full size-full wp-image-507\" alt=\"\" srcset=\"https:\/\/rampi.pl\/wp-content\/uploads\/2025\/09\/Firefly-cienkie-kreski-swietlistych-kolorow-na-bialym-tle-64938.jpg 2304w, https:\/\/rampi.pl\/wp-content\/uploads\/2025\/09\/Firefly-cienkie-kreski-swietlistych-kolorow-na-bialym-tle-64938-600x281.jpg 600w, https:\/\/rampi.pl\/wp-content\/uploads\/2025\/09\/Firefly-cienkie-kreski-swietlistych-kolorow-na-bialym-tle-64938-300x140.jpg 300w, https:\/\/rampi.pl\/wp-content\/uploads\/2025\/09\/Firefly-cienkie-kreski-swietlistych-kolorow-na-bialym-tle-64938-1024x479.jpg 1024w, https:\/\/rampi.pl\/wp-content\/uploads\/2025\/09\/Firefly-cienkie-kreski-swietlistych-kolorow-na-bialym-tle-64938-768x359.jpg 768w, https:\/\/rampi.pl\/wp-content\/uploads\/2025\/09\/Firefly-cienkie-kreski-swietlistych-kolorow-na-bialym-tle-64938-1536x719.jpg 1536w, https:\/\/rampi.pl\/wp-content\/uploads\/2025\/09\/Firefly-cienkie-kreski-swietlistych-kolorow-na-bialym-tle-64938-2048x958.jpg 2048w\" sizes=\"(max-width: 2304px) 100vw, 2304px\" \/>\t\t\t\t\t\t\t\t\t\t\t\t\t\t\t<\/div>\n\t\t\t\t<div class=\"elementor-element elementor-element-0b15833 e-transform e-transform elementor-widget elementor-widget-text-editor\" data-id=\"0b15833\" data-element_type=\"widget\" data-e-type=\"widget\" data-settings=\"{&quot;_transform_translateX_effect&quot;:{&quot;unit&quot;:&quot;px&quot;,&quot;size&quot;:13,&quot;sizes&quot;:[]},&quot;_transform_scale_effect&quot;:{&quot;unit&quot;:&quot;px&quot;,&quot;size&quot;:0.9,&quot;sizes&quot;:[]},&quot;_transform_translateX_effect_tablet&quot;:{&quot;unit&quot;:&quot;px&quot;,&quot;size&quot;:&quot;&quot;,&quot;sizes&quot;:[]},&quot;_transform_translateX_effect_mobile&quot;:{&quot;unit&quot;:&quot;px&quot;,&quot;size&quot;:&quot;&quot;,&quot;sizes&quot;:[]},&quot;_transform_translateY_effect&quot;:{&quot;unit&quot;:&quot;px&quot;,&quot;size&quot;:&quot;&quot;,&quot;sizes&quot;:[]},&quot;_transform_translateY_effect_tablet&quot;:{&quot;unit&quot;:&quot;px&quot;,&quot;size&quot;:&quot;&quot;,&quot;sizes&quot;:[]},&quot;_transform_translateY_effect_mobile&quot;:{&quot;unit&quot;:&quot;px&quot;,&quot;size&quot;:&quot;&quot;,&quot;sizes&quot;:[]},&quot;_transform_scale_effect_tablet&quot;:{&quot;unit&quot;:&quot;px&quot;,&quot;size&quot;:&quot;&quot;,&quot;sizes&quot;:[]},&quot;_transform_scale_effect_mobile&quot;:{&quot;unit&quot;:&quot;px&quot;,&quot;size&quot;:&quot;&quot;,&quot;sizes&quot;:[]}}\" data-widget_type=\"text-editor.default\">\n\t\t\t\t\t\t\t\t\t<h2>Poni\u017cej zamieszczamy porady, kt\u00f3rymi nale\u017cy si\u0119 kierowa\u0107 przygotowuj\u0105c pliki do druku cyfrowego.<\/h2><h5>Ich przestrzeganie pozwoli Pa\u0144stwu unikn\u0105\u0107 przykrych niespodzianek, zapewni wysok\u0105 jako\u015b\u0107 druku a nam u\u0142atwi i przyspieszy Pa\u0144stwa obs\u0142ug\u0119.<\/h5><p>W\u00a0technologii cyfrowej\u00a0<strong>drukujemy bezpo\u015brednio z\u00a0pliku.<\/strong>\u00a0Najlepszy do\u00a0druku b\u0119dzie wi\u0119c\u00a0<strong>PDF<\/strong>, jednak poradzimy sobie tak\u017ce z\u00a0plikami z\u00a0rozszerzeniem JPG, TIFF, CDR.\u00a0Prace przeznaczone do\u00a0druku powinny by\u0107 przygotowane w\u00a0formacie docelowym\u00a0<em>(skala 1:1)<\/em>,\u00a0<strong>w\u00a0rozdzielczo\u015bci 300dpi.\u00a0<\/strong>Wszystkie elementy w\u00a0pliku powinny by\u0107 zapisane w\u00a0przestrzeni barwnej\u00a0<strong>CMYK<\/strong>, przyjmujemy jednak te\u017c prace przygotowane w\u00a0<strong>RGB<\/strong>.\u00a0Plik powinien by\u0107\u00a0<em><strong>\u201esp\u0142aszczony\u201d<\/strong><\/em>\u00a0\u2013 nie\u00a0powinien zawiera\u0107 warstw, kana\u0142\u00f3w, itp.\u00a0Teksty najlepiej powinny by\u0107 zamienione na\u00a0krzywe.<\/p><p><strong>Projekt powinien zawiera\u0107:<\/strong><\/p><p>\u2013\u00a0<strong>SPADY<\/strong>, czyli grafika wyci\u0105gni\u0119ta poza obszar netto pracy\u00a0<em>(pracy po\u00a0doci\u0119ciu)<\/em>. Spad gwarantuje, \u017ce\u00a0po\u00a0przyci\u0119ciu pracy obszar zadruku b\u0119dzie dochodzi\u0142 do\u00a0samej kraw\u0119dzi pracy. Dodatkowo teksty lub grafika powinny by\u0107 oddalone od\u00a0linii ci\u0119cia \u2013 umieszczone zbyt blisko mog\u0105 zosta\u0107 \u015bci\u0119te.<br \/>\u2013\u00a0<strong>PASERY<\/strong>, czyli punkty wyznaczaj\u0105ce linie ci\u0119cia. S\u0105\u00a0to\u00a0znaki w\u00a0postaci cienkiej kreski poza formatem netto pracy, pokazuj\u0105cy w\u00a0kt\u00f3rym\u00a0miejscu ma\u00a0by\u0107 przyci\u0119ta praca.<br \/>\u2013\u00a0<strong>OZNACZENIA ZGINANIA\/BIGOWANIA<\/strong>\u00a0<em>(je\u015bli praca b\u0119dzie bigowana)<\/em>, czyli punkty wyznaczaj\u0105ce lini\u0119 gi\u0119cia, umieszczone poza formatem netto pracy. Umo\u017cliwiaj\u0105 w\u0142a\u015bciwe, zgodne z\u00a0za\u0142o\u017ceniem projekty wyko\u0144czenie pracy.<\/p><p>Prace wielostronicowe powinny by\u0107 zapisane w\u00a0jednym pliku\u00a0<em>(zawieraj\u0105cym wszystkie strony, tak\u017ce puste)<\/em>.<\/p>\t\t\t\t\t\t\t\t<\/div>\n\t\t\t\t<\/div>\n\t\t<div class=\"elementor-element elementor-element-2245f52 e-flex e-con-boxed e-con e-parent\" data-id=\"2245f52\" data-element_type=\"container\" data-e-type=\"container\">\n\t\t\t\t\t<div class=\"e-con-inner\">\n\t\t<div class=\"elementor-element elementor-element-81889ca e-con-full e-flex e-con e-child\" data-id=\"81889ca\" data-element_type=\"container\" data-e-type=\"container\">\n\t\t\t\t<div class=\"elementor-element elementor-element-d79ccbd elementor-invisible elementor-widget elementor-widget-heading\" data-id=\"d79ccbd\" data-element_type=\"widget\" data-e-type=\"widget\" data-settings=\"{&quot;_animation&quot;:&quot;fadeIn&quot;}\" data-widget_type=\"heading.default\">\n\t\t\t\t\t<h2 class=\"elementor-heading-title elementor-size-default\">Kolorystyka<\/h2>\t\t\t\t<\/div>\n\t\t\t\t<div class=\"elementor-element elementor-element-259e221 elementor-widget elementor-widget-text-editor\" data-id=\"259e221\" data-element_type=\"widget\" data-e-type=\"widget\" data-widget_type=\"text-editor.default\">\n\t\t\t\t\t\t\t\t\t<p>Najlepiej aby w\u00a0pliku do\u00a0druku stosowa\u0107 tylko\u00a0kolory z\u00a0modelu CMYK. Wynikowy kolor na\u00a0wydruku jest wtedy dok\u0142adnie zdefiniowany i\u00a0mo\u017cna go\u00a0odnie\u015b\u0107 np.\u00a0do\u00a0druku offsetowego czy\u00a0te\u017c do\u00a0wzornik\u00f3w kolor\u00f3w CMYK. Model kolor\u00f3w RGB jest nie\u00a0zalecany ale\u00a0nie\u00a0wykluczony. Jest przeznaczony do\u00a0urz\u0105dze\u0144 emituj\u0105cych \u015bwiat\u0142o i\u00a0nie\u00a0powinien by\u0107 w\u00a0poligrafii stosowany. Jednak\u017ce nasza drukarka ma\u00a0\u015bwietny algorytm konwersji tego modelu do\u00a0modelu CMYK i\u00a0dzi\u0119ki specyficznym w\u0142a\u015bciwo\u015bciom toner\u00f3w jest w\u00a0stanie uzyska\u0107 o\u00a0wiele wi\u0119ksz\u0105 przestrze\u0144 barw (gamut) ni\u017c w\u00a0druku offsetowym po\u00a0konwersji do\u00a0CMYK. W\u00a0zwi\u0105zku z\u00a0tym uzyskujemy o\u00a0wiele \u017cywsze kolory.\u00a0Powy\u017csza zaleta (du\u017ca przestrze\u0144 barw) ma\u00a0tak\u017ce zastosowanie do\u00a0kolor\u00f3w z\u00a0palety PANTONE. I\u00a0tu\u00a0uzyskujemy przewa\u017cnie \u015bwietne efekty ale\u00a0nale\u017cy pami\u0119ta\u0107, \u017ce\u00a0niekt\u00f3re specyficzne kolory z\u00a0tej\u00a0palety mog\u0105 si\u0119 znacznie r\u00f3\u017cni\u0107 w\u00a0druku cyfrowym.\u00a0Nie\u00a0ma\u00a0potrzeby mieszania wielu kolor\u00f3w z\u00a0kolorem czarnym aby uzyska\u0107 g\u0142\u0119bok\u0105 czer\u0144 na\u00a0wydruku.\u00a0Nie\u00a0mo\u017cna przekracza\u0107 maksymalnych zawarto\u015bci procentowej kolor\u00f3w w\u00a0jednym punkcie, kt\u00f3ra\u00a0wynosi 280%. Czyli np.\u00a0warto\u015b\u0107 koloru C100% M100% Y70% K10% jest jeszcze dopuszczalna. Nale\u017cy unika\u0107 sytuacji, w\u00a0kt\u00f3rych\u00a0niewielkie nat\u0119\u017cenia kolor\u00f3w (2, 3 %) maj\u0105 zasadniczy wp\u0142yw na\u00a0wygl\u0105d ca\u0142ego projektu gdy\u017c\u00a0w\u00a0druku cyfrowym tak\u00a0niskie warto\u015bci s\u0105\u00a0trudne do\u00a0uzyskania.<\/p>\t\t\t\t\t\t\t\t<\/div>\n\t\t\t\t<\/div>\n\t\t<div class=\"elementor-element elementor-element-17d4cb6 e-con-full e-flex e-con e-child\" data-id=\"17d4cb6\" data-element_type=\"container\" data-e-type=\"container\" data-settings=\"{&quot;background_background&quot;:&quot;classic&quot;}\">\n\t\t\t\t<div class=\"elementor-element elementor-element-7523bc8 elementor-widget__width-initial elementor-widget elementor-widget-image\" data-id=\"7523bc8\" data-element_type=\"widget\" data-e-type=\"widget\" data-widget_type=\"image.default\">\n\t\t\t\t\t\t\t\t\t\t\t\t\t\t\t<img decoding=\"async\" width=\"994\" height=\"1536\" src=\"https:\/\/rampi.pl\/wp-content\/uploads\/2025\/09\/CMYK-I-RGB-01-01-994x1536.jpg\" class=\"attachment-1536x1536 size-1536x1536 wp-image-473\" alt=\"\" srcset=\"https:\/\/rampi.pl\/wp-content\/uploads\/2025\/09\/CMYK-I-RGB-01-01-994x1536.jpg 994w, https:\/\/rampi.pl\/wp-content\/uploads\/2025\/09\/CMYK-I-RGB-01-01-600x927.jpg 600w, https:\/\/rampi.pl\/wp-content\/uploads\/2025\/09\/CMYK-I-RGB-01-01-194x300.jpg 194w, https:\/\/rampi.pl\/wp-content\/uploads\/2025\/09\/CMYK-I-RGB-01-01-663x1024.jpg 663w, https:\/\/rampi.pl\/wp-content\/uploads\/2025\/09\/CMYK-I-RGB-01-01-768x1187.jpg 768w, https:\/\/rampi.pl\/wp-content\/uploads\/2025\/09\/CMYK-I-RGB-01-01.jpg 1200w\" sizes=\"(max-width: 994px) 100vw, 994px\" \/>\t\t\t\t\t\t\t\t\t\t\t\t\t\t\t<\/div>\n\t\t\t\t<\/div>\n\t\t\t\t\t<\/div>\n\t\t\t\t<\/div>\n\t\t<div class=\"elementor-element elementor-element-24c16cf6 e-flex e-con-boxed e-con e-parent\" data-id=\"24c16cf6\" data-element_type=\"container\" data-e-type=\"container\">\n\t\t\t\t\t<div class=\"e-con-inner\">\n\t\t<div class=\"elementor-element elementor-element-71f79242 e-con-full e-flex e-con e-child\" data-id=\"71f79242\" data-element_type=\"container\" data-e-type=\"container\">\n\t\t\t\t<div class=\"elementor-element elementor-element-4083a1f8 elementor-invisible elementor-widget elementor-widget-heading\" data-id=\"4083a1f8\" data-element_type=\"widget\" data-e-type=\"widget\" data-settings=\"{&quot;_animation&quot;:&quot;fadeIn&quot;}\" data-widget_type=\"heading.default\">\n\t\t\t\t\t<h2 class=\"elementor-heading-title elementor-size-default\">Czcionki<\/h2>\t\t\t\t<\/div>\n\t\t\t\t<div class=\"elementor-element elementor-element-6eec4499 elementor-widget elementor-widget-text-editor\" data-id=\"6eec4499\" data-element_type=\"widget\" data-e-type=\"widget\" data-widget_type=\"text-editor.default\">\n\t\t\t\t\t\t\t\t\t<p>Najbezpieczniej jest wszystkie u\u017cyte napisy w\u00a0programie graficznym zamieni\u0107 na\u00a0krzywe. Robimy to\u00a0np.\u00a0w\u00a0Corelu za\u00a0pomoc\u0105 skt\u00f3tu CTR+Q lub tworz\u0105c PDF zaznaczamy opcj\u0119 wysy\u0142ania kroj\u00f3w do\u00a0pliku w\u00a0postaci krzywych.\u00a0Mo\u017cna oczywi\u015bcie za\u0142o\u017cy\u0107, \u017ce\u00a0podstawowy zestaw czcionek systemowych<em>\u00a0(czyli: Arial, Times, Tahoma, Verdana)<\/em>\u00a0jest zawsze dost\u0119pny w\u00a0ka\u017cdym systemie ale\u00a0mog\u0105 wtedy wyst\u0105pi\u0107 r\u00f3\u017cnice w\u00a0kerningu, przeniesieniach. Po\u00a0konwersji dokument\u00f3w MS Word na\u00a0PDF nale\u017cy si\u0119 upewni\u0107, \u017ce\u00a0plik PDF ma\u00a0zawarte wszelkie wyst\u0119puj\u0105ce w\u00a0dokumencie kroje pisma. Najlepiej gdy\u00a0otworzymy taki dokument na\u00a0innym komputerze, kt\u00f3ry\u00a0nie\u00a0ma\u00a0zainstalowanych tych samych czcionek i\u00a0upewnimy si\u0119, \u017ce\u00a0wygl\u0105da dobrze. Tekst najlepiej odsun\u0105\u0107 od linii ci\u0119cia (brzegu kartki) co najmniej o 4 mm. Standardowe wielko\u015bci czcionek to 8-10 pt (do wizyt\u00f3wki), jest to najmniejsza dozwolona wielko\u015b\u0107 ze wzgl\u0119du na jej czytelno\u015b\u0107 dla ka\u017cdej grupy docelowej, nawet przez osoby starsze i niedowidz\u0105ce . Wielko\u015b\u0107 10-14 pt stosujemy w projektowaniu broszur i ksi\u0105\u017cek aby nie m\u0119czy\u0107 wzroku przy wi\u0119kszej ilo\u015bci tekstu.<\/p>\t\t\t\t\t\t\t\t<\/div>\n\t\t\t\t<\/div>\n\t\t<div class=\"elementor-element elementor-element-68890400 e-con-full e-flex e-con e-child\" data-id=\"68890400\" data-element_type=\"container\" data-e-type=\"container\" data-settings=\"{&quot;background_background&quot;:&quot;classic&quot;}\">\n\t\t\t\t<div class=\"elementor-element elementor-element-584779b elementor-widget elementor-widget-image\" data-id=\"584779b\" data-element_type=\"widget\" data-e-type=\"widget\" data-widget_type=\"image.default\">\n\t\t\t\t\t\t\t\t\t\t\t\t\t\t\t<img decoding=\"async\" width=\"614\" height=\"1024\" src=\"https:\/\/rampi.pl\/wp-content\/uploads\/2025\/09\/CMYK-I-RGB-03-614x1024.jpg\" class=\"attachment-large size-large wp-image-486\" alt=\"\" srcset=\"https:\/\/rampi.pl\/wp-content\/uploads\/2025\/09\/CMYK-I-RGB-03-614x1024.jpg 614w, https:\/\/rampi.pl\/wp-content\/uploads\/2025\/09\/CMYK-I-RGB-03-scaled-600x1001.jpg 600w, https:\/\/rampi.pl\/wp-content\/uploads\/2025\/09\/CMYK-I-RGB-03-180x300.jpg 180w, https:\/\/rampi.pl\/wp-content\/uploads\/2025\/09\/CMYK-I-RGB-03-768x1281.jpg 768w, https:\/\/rampi.pl\/wp-content\/uploads\/2025\/09\/CMYK-I-RGB-03-921x1536.jpg 921w, https:\/\/rampi.pl\/wp-content\/uploads\/2025\/09\/CMYK-I-RGB-03-1228x2048.jpg 1228w, https:\/\/rampi.pl\/wp-content\/uploads\/2025\/09\/CMYK-I-RGB-03-scaled.jpg 1535w\" sizes=\"(max-width: 614px) 100vw, 614px\" \/>\t\t\t\t\t\t\t\t\t\t\t\t\t\t\t<\/div>\n\t\t\t\t<\/div>\n\t\t\t\t\t<\/div>\n\t\t\t\t<\/div>\n\t\t<div class=\"elementor-element elementor-element-9336c96 e-flex e-con-boxed e-con e-parent\" data-id=\"9336c96\" data-element_type=\"container\" data-e-type=\"container\">\n\t\t\t\t\t<div class=\"e-con-inner\">\n\t\t<div class=\"elementor-element elementor-element-65f58c3 e-con-full e-flex e-con e-child\" data-id=\"65f58c3\" data-element_type=\"container\" data-e-type=\"container\">\n\t\t\t\t<div class=\"elementor-element elementor-element-89c9c99 elementor-invisible elementor-widget elementor-widget-heading\" data-id=\"89c9c99\" data-element_type=\"widget\" data-e-type=\"widget\" data-settings=\"{&quot;_animation&quot;:&quot;fadeIn&quot;}\" data-widget_type=\"heading.default\">\n\t\t\t\t\t<h2 class=\"elementor-heading-title elementor-size-default\">Uk\u0142ad stron<\/h2>\t\t\t\t<\/div>\n\t\t\t\t<div class=\"elementor-element elementor-element-020e15a elementor-widget elementor-widget-text-editor\" data-id=\"020e15a\" data-element_type=\"widget\" data-e-type=\"widget\" data-widget_type=\"text-editor.default\">\n\t\t\t\t\t\t\t\t\t<p>Przy pracach wielostronicowych (ksi\u0105\u017cki, foldery) nale\u017cy wszystkie strony zawrze\u0107 w jednym pliku, kolejno i z zachowaniem jednakowej orientacji. Przy zlecaniu druku wielu dokument\u00f3w jednostronicowych nale\u017cy pami\u0119ta\u0107, \u017ce ich samodzielne po\u0142\u0105czenie w jeden dokument wielostronicowy znacznie przyspieszy wykonanie druku. Przy pracach gdzie wymagane jest rozmno\u017cenie wielu u\u017cytk\u00f3w na arkuszu mo\u017cna skorzysta\u0107 z przygotowanych przez nas szablon\u00f3w lub dostarczy\u0107 jeden u\u017cytek umieszczony centralnie na stronie. Monta\u017c na arkuszu wykonujemy bezp\u0142atnie. Drukujemy wy\u0142\u0105cznie na formacie A3 lub SR A3. A zatem strony w formatach A4 b\u0119d\u0105 \u0142\u0105czone na wsp\u00f3lnym arkuszu a potem rozcinane. Aby osi\u0105gn\u0105\u0107 pe\u0142en zadruk na formacie A4 lub A3 nale\u017cy go wydrukowa\u0107 na troch\u0119 wi\u0119kszym formacie czyli na SRA3.\u00a0<\/p><p>Wa\u017cne aby przy projektowaniu ksi\u0105\u017cki klejonej zachowa\u0107 wewn\u0119trzny margines 25 mm. W przypadku magazynu lub ksi\u0105\u017cki szytej margines mo\u017ce wynosi\u0107 8-10 mm od wewn\u0105trz 5 mm od zewn\u0105trz.<\/p>\t\t\t\t\t\t\t\t<\/div>\n\t\t\t\t<\/div>\n\t\t<div class=\"elementor-element elementor-element-a66d925 e-con-full e-flex e-con e-child\" data-id=\"a66d925\" data-element_type=\"container\" data-e-type=\"container\" data-settings=\"{&quot;background_background&quot;:&quot;classic&quot;}\">\n\t\t\t\t<div class=\"elementor-element elementor-element-3f47a5c elementor-widget elementor-widget-image\" data-id=\"3f47a5c\" data-element_type=\"widget\" data-e-type=\"widget\" data-widget_type=\"image.default\">\n\t\t\t\t\t\t\t\t\t\t\t\t\t\t\t<img loading=\"lazy\" decoding=\"async\" width=\"921\" height=\"1536\" src=\"https:\/\/rampi.pl\/wp-content\/uploads\/2025\/09\/CMYK-I-RGB-02-1-921x1536.jpg\" class=\"attachment-1536x1536 size-1536x1536 wp-image-485\" alt=\"\" srcset=\"https:\/\/rampi.pl\/wp-content\/uploads\/2025\/09\/CMYK-I-RGB-02-1-921x1536.jpg 921w, https:\/\/rampi.pl\/wp-content\/uploads\/2025\/09\/CMYK-I-RGB-02-1-scaled-600x1001.jpg 600w, https:\/\/rampi.pl\/wp-content\/uploads\/2025\/09\/CMYK-I-RGB-02-1-180x300.jpg 180w, https:\/\/rampi.pl\/wp-content\/uploads\/2025\/09\/CMYK-I-RGB-02-1-614x1024.jpg 614w, https:\/\/rampi.pl\/wp-content\/uploads\/2025\/09\/CMYK-I-RGB-02-1-768x1281.jpg 768w, https:\/\/rampi.pl\/wp-content\/uploads\/2025\/09\/CMYK-I-RGB-02-1-1228x2048.jpg 1228w, https:\/\/rampi.pl\/wp-content\/uploads\/2025\/09\/CMYK-I-RGB-02-1-scaled.jpg 1535w\" sizes=\"(max-width: 921px) 100vw, 921px\" \/>\t\t\t\t\t\t\t\t\t\t\t\t\t\t\t<\/div>\n\t\t\t\t<\/div>\n\t\t\t\t\t<\/div>\n\t\t\t\t<\/div>\n\t\t<div class=\"elementor-element elementor-element-209f76c e-con-full e-flex e-con e-parent\" data-id=\"209f76c\" data-element_type=\"container\" data-e-type=\"container\">\n\t\t<div class=\"elementor-element elementor-element-a528de6 e-con-full e-flex e-con e-child\" data-id=\"a528de6\" data-element_type=\"container\" data-e-type=\"container\">\n\t\t\t\t<div class=\"elementor-element elementor-element-657688f elementor-invisible elementor-widget elementor-widget-heading\" data-id=\"657688f\" data-element_type=\"widget\" data-e-type=\"widget\" data-settings=\"{&quot;_animation&quot;:&quot;fadeIn&quot;}\" data-widget_type=\"heading.default\">\n\t\t\t\t\t<h2 class=\"elementor-heading-title elementor-size-default\">Spady<\/h2>\t\t\t\t<\/div>\n\t\t\t\t<div class=\"elementor-element elementor-element-d5a5f66 elementor-widget elementor-widget-text-editor\" data-id=\"d5a5f66\" data-element_type=\"widget\" data-e-type=\"widget\" data-widget_type=\"text-editor.default\">\n\t\t\t\t\t\t\t\t\t<p>Bezwzgl\u0119dnym warunkiem zlecenia nam ci\u0119cia arkuszy na poszczeg\u00f3lne u\u017cytki jest aby w pracy zadane by\u0142y spady czyli aby grafika wychodzi\u0142a o ok. 2 mm poza oczekiwane linie ci\u0119cia. Ze wzgl\u0119du na tolerancj\u0119 po\u0142o\u017cenia obrazu na papierze w po\u0142\u0105czeniu z tolerancj\u0105 b\u0142\u0119du przy ci\u0119ciu wskazane jest aby wszelkie elementy graficzne by\u0142y oddalone od linii ci\u0119cia o co najmniej 3-4 mm. W druku cyfrowym nie ma zjawiska niedok\u0142adno\u015bci pasowania kolor\u00f3w i nie s\u0105 wymagane zalewki kolor\u00f3w lub nadruki czerni na tle jak to ma miejsce przy druku offsetowym.<\/p>\t\t\t\t\t\t\t\t<\/div>\n\t\t\t\t<\/div>\n\t\t<div class=\"elementor-element elementor-element-f0efee8 e-con-full e-flex e-con e-child\" data-id=\"f0efee8\" data-element_type=\"container\" data-e-type=\"container\" data-settings=\"{&quot;background_background&quot;:&quot;classic&quot;}\">\n\t\t\t\t<div class=\"elementor-element elementor-element-766bbc8 elementor-widget__width-initial elementor-widget elementor-widget-image\" data-id=\"766bbc8\" data-element_type=\"widget\" data-e-type=\"widget\" data-widget_type=\"image.default\">\n\t\t\t\t\t\t\t\t\t\t\t\t\t\t\t<img loading=\"lazy\" decoding=\"async\" width=\"800\" height=\"957\" src=\"https:\/\/rampi.pl\/wp-content\/uploads\/2025\/09\/wiz-spady-pokazane-1-856x1024.jpg\" class=\"attachment-large size-large wp-image-491\" alt=\"\" srcset=\"https:\/\/rampi.pl\/wp-content\/uploads\/2025\/09\/wiz-spady-pokazane-1-856x1024.jpg 856w, https:\/\/rampi.pl\/wp-content\/uploads\/2025\/09\/wiz-spady-pokazane-1-600x718.jpg 600w, https:\/\/rampi.pl\/wp-content\/uploads\/2025\/09\/wiz-spady-pokazane-1-251x300.jpg 251w, https:\/\/rampi.pl\/wp-content\/uploads\/2025\/09\/wiz-spady-pokazane-1-768x919.jpg 768w, https:\/\/rampi.pl\/wp-content\/uploads\/2025\/09\/wiz-spady-pokazane-1-1283x1536.jpg 1283w, https:\/\/rampi.pl\/wp-content\/uploads\/2025\/09\/wiz-spady-pokazane-1.jpg 1671w\" sizes=\"(max-width: 800px) 100vw, 800px\" \/>\t\t\t\t\t\t\t\t\t\t\t\t\t\t\t<\/div>\n\t\t\t\t<\/div>\n\t\t\t\t<\/div>\n\t\t<div class=\"elementor-element elementor-element-0ee83d1 e-flex e-con-boxed e-con e-parent\" data-id=\"0ee83d1\" data-element_type=\"container\" data-e-type=\"container\">\n\t\t\t\t\t<div class=\"e-con-inner\">\n\t\t<div class=\"elementor-element elementor-element-5408fd6 e-con-full e-flex e-con e-child\" data-id=\"5408fd6\" data-element_type=\"container\" data-e-type=\"container\">\n\t\t\t\t<div class=\"elementor-element elementor-element-5073e93 elementor-invisible elementor-widget elementor-widget-heading\" data-id=\"5073e93\" data-element_type=\"widget\" data-e-type=\"widget\" data-settings=\"{&quot;_animation&quot;:&quot;fadeIn&quot;}\" data-widget_type=\"heading.default\">\n\t\t\t\t\t<h2 class=\"elementor-heading-title elementor-size-default\">Grafika<\/h2>\t\t\t\t<\/div>\n\t\t\t\t<div class=\"elementor-element elementor-element-47eaf6b elementor-widget elementor-widget-text-editor\" data-id=\"47eaf6b\" data-element_type=\"widget\" data-e-type=\"widget\" data-widget_type=\"text-editor.default\">\n\t\t\t\t\t\t\t\t\t<p>Aby uzyska\u0107 optymaln\u0105 jako\u015b\u0107 fotografii na\u00a0wydruku powinny one mie\u0107 rozdzielczo\u015b\u0107 min. 250 dpi. Stosowanie rozdzielczo\u015bci powy\u017cej 300 dpi nie\u00a0ma\u00a0sensu.\u00a0Przy zlecaniu nam wydruku lu\u017anych zdj\u0119\u0107 w\u00a0formacie JPG nale\u017cy zawsze poda\u0107 ich docelowy wymiar gdy\u017c\u00a0format ten nie\u00a0zachowuje wymiar\u00f3w orygina\u0142u.\u00a0Niekt\u00f3re efekty specjalne w\u00a0programach graficznych\u00a0<em>(przezroczysto\u015bci, cienie, soczewki)<\/em> mog\u0105 da\u0107 nieprzewidziane efekty w\u00a0druku dlatego pewniejsze jest przekonwertowanie takiej ca\u0142ej strony do\u00a0TIFa o\u00a0rozdzielczo\u015bci 300 dpi. Wtedy to\u00a0co\u00a0wida\u0107 na\u00a0ekranie zostanie wydrukowane.\u00a0Przy po\u0142\u0105czeniach grafiki wektorowej z\u00a0bitmapami nale\u017cy zawsze stosowa\u0107 ten sam model kolor\u00f3w w\u00a0obu obiektach. W\u00a0przeciwnym razie np.\u00a0kolor czarny w\u00a0bitmapie le\u017c\u0105cej na\u00a0czarnym, wektorowym tle nie\u00a0b\u0119dzie taki sam.<\/p>\t\t\t\t\t\t\t\t<\/div>\n\t\t\t\t<\/div>\n\t\t<div class=\"elementor-element elementor-element-5926c54 e-con-full e-flex e-con e-child\" data-id=\"5926c54\" data-element_type=\"container\" data-e-type=\"container\" data-settings=\"{&quot;background_background&quot;:&quot;classic&quot;}\">\n\t\t\t\t<div class=\"elementor-element elementor-element-c877a0f elementor-widget elementor-widget-image\" data-id=\"c877a0f\" data-element_type=\"widget\" data-e-type=\"widget\" data-widget_type=\"image.default\">\n\t\t\t\t\t\t\t\t\t\t\t\t\t\t\t<img loading=\"lazy\" decoding=\"async\" width=\"760\" height=\"1024\" src=\"https:\/\/rampi.pl\/wp-content\/uploads\/2025\/09\/grafika-760x1024.jpg\" class=\"attachment-large size-large wp-image-496\" alt=\"\" srcset=\"https:\/\/rampi.pl\/wp-content\/uploads\/2025\/09\/grafika-760x1024.jpg 760w, https:\/\/rampi.pl\/wp-content\/uploads\/2025\/09\/grafika-scaled-600x808.jpg 600w, https:\/\/rampi.pl\/wp-content\/uploads\/2025\/09\/grafika-223x300.jpg 223w, https:\/\/rampi.pl\/wp-content\/uploads\/2025\/09\/grafika-768x1034.jpg 768w, https:\/\/rampi.pl\/wp-content\/uploads\/2025\/09\/grafika-1141x1536.jpg 1141w, https:\/\/rampi.pl\/wp-content\/uploads\/2025\/09\/grafika-1521x2048.jpg 1521w, https:\/\/rampi.pl\/wp-content\/uploads\/2025\/09\/grafika-scaled.jpg 1901w\" sizes=\"(max-width: 760px) 100vw, 760px\" \/>\t\t\t\t\t\t\t\t\t\t\t\t\t\t\t<\/div>\n\t\t\t\t<\/div>\n\t\t\t\t\t<\/div>\n\t\t\t\t<\/div>\n\t\t<div class=\"elementor-element elementor-element-3347a7a e-flex e-con-boxed e-con e-parent\" data-id=\"3347a7a\" data-element_type=\"container\" data-e-type=\"container\">\n\t\t\t\t\t<div class=\"e-con-inner\">\n\t\t\t\t<div class=\"elementor-element elementor-element-b369bf1 elementor-widget elementor-widget-text-editor\" data-id=\"b369bf1\" data-element_type=\"widget\" data-e-type=\"widget\" data-widget_type=\"text-editor.default\">\n\t\t\t\t\t\t\t\t\t<h6>Je\u015bli plik zosta\u0142 niedostatecznie przygotowany i wymaga dodatkowych, powa\u017cniejszych operacji edycyjnych, ich koszt zostanie doliczony do us\u0142ugi wydruku zgodnie z obowi\u0105zuj\u0105cym cennikiem.<\/h6>\t\t\t\t\t\t\t\t<\/div>\n\t\t\t\t\t<\/div>\n\t\t\t\t<\/div>\n\t\t\t\t<\/div>\n\t\t","protected":false},"excerpt":{"rendered":"<p>Poni\u017cej zamieszczamy porady, kt\u00f3rymi nale\u017cy si\u0119 kierowa\u0107 przygotowuj\u0105c pliki do druku cyfrowego. Ich przestrzeganie pozwoli Pa\u0144stwu unikn\u0105\u0107 przykrych niespodzianek, zapewni wysok\u0105 jako\u015b\u0107 druku a nam u\u0142atwi i przyspieszy Pa\u0144stwa obs\u0142ug\u0119. W\u00a0technologii cyfrowej\u00a0drukujemy bezpo\u015brednio z\u00a0pliku.\u00a0Najlepszy do\u00a0druku b\u0119dzie wi\u0119c\u00a0PDF, jednak poradzimy sobie tak\u017ce z\u00a0plikami z\u00a0rozszerzeniem JPG, TIFF, CDR.\u00a0Prace przeznaczone do\u00a0druku powinny by\u0107 przygotowane w\u00a0formacie docelowym\u00a0(skala 1:1),\u00a0w\u00a0rozdzielczo\u015bci 300dpi.\u00a0Wszystkie [&hellip;]<\/p>\n","protected":false},"author":1,"featured_media":0,"parent":0,"menu_order":0,"comment_status":"closed","ping_status":"closed","template":"elementor_header_footer","meta":{"footnotes":""},"class_list":["post-14","page","type-page","status-publish","hentry"],"_links":{"self":[{"href":"https:\/\/rampi.pl\/index.php\/wp-json\/wp\/v2\/pages\/14","targetHints":{"allow":["GET"]}}],"collection":[{"href":"https:\/\/rampi.pl\/index.php\/wp-json\/wp\/v2\/pages"}],"about":[{"href":"https:\/\/rampi.pl\/index.php\/wp-json\/wp\/v2\/types\/page"}],"author":[{"embeddable":true,"href":"https:\/\/rampi.pl\/index.php\/wp-json\/wp\/v2\/users\/1"}],"replies":[{"embeddable":true,"href":"https:\/\/rampi.pl\/index.php\/wp-json\/wp\/v2\/comments?post=14"}],"version-history":[{"count":52,"href":"https:\/\/rampi.pl\/index.php\/wp-json\/wp\/v2\/pages\/14\/revisions"}],"predecessor-version":[{"id":880,"href":"https:\/\/rampi.pl\/index.php\/wp-json\/wp\/v2\/pages\/14\/revisions\/880"}],"wp:attachment":[{"href":"https:\/\/rampi.pl\/index.php\/wp-json\/wp\/v2\/media?parent=14"}],"curies":[{"name":"wp","href":"https:\/\/api.w.org\/{rel}","templated":true}]}}